- (4 - 1))/((-5)/220)?
2, 11, 113
Suppose 3*o - 286 - 117 = -4*v, 4*o - 503 = -5*v. Suppose -653 = -6*h + v. What are the prime factors of h?
2, 3, 7
Let p = 36381 - 24971. List the prime factors of p.
2, 5, 7, 163
Let l = -30582 + 38304. List the prime factors of l.
2, 3, 11, 13
Let c be ((-4)/(-10))/((-56)/20 + 3). Suppose 114 = c*s + 2*l, 6*s = 10*s - 3*l - 242. List the prime factors of s.
59
Let x(z) = 2*z**2 + 31*z + 176. What are the prime factors of x(-67)?
3, 7, 337
Let p(d) = -32*d - 242. Let v be p(-8). Suppose 2286 = -11*b + v*b. What are the prime factors of b?
2, 3, 127
Suppose 0*m + 3*m = 12*m. Let r be ((-25)/(-2) - m)*24/(-15). List the prime factors of 12/(-4)*1 + (-1 - r).
2
Let n be (-2)/3*23985/(-30). Suppose -229 = -g - 5*m, -512 - n = -5*g - 5*m. List the prime factors of g.
2, 3, 17
Let r(c) = -c - 2. Let b be r(-2). Suppose -260 = -2*x - 5*k, b = 2*x - 5*k + k - 278. List the prime factors of x.
3, 5
What are the prime factors of (59260 + 9)*40/420*54/4?
3, 8467
Suppose 3*p = -5*p + 24. Suppose 12 = -p*y + 9*y. List the prime factors of y/(-7) - (-634)/14.
3, 5
Let n(g) = -2*g**3 + 12*g**2 + 3*g - 14. Let a be n(6). Let d = a - -55. List the prime factors of d.
59
What are the prime factors of 8 - (-6610 + 36 + -16)?
2, 3299
Let l be 10/(-8)*-17 - (-21)/(-84). Suppose 28*a = l*a + 889. List the prime factors of a.
127
Suppose -13*b - 9 = -16*b. Suppose -b*m - 19 = -4*m - 2*l, -3*m + 48 = 3*l. Suppose -18*c + 1070 = -m*c. List the prime factors of c.
2, 107
Let k = -490 - -1259. Let y = k - 259. What are the prime factors of y?
2, 3, 5, 17
Let v = 18 - 79. Let h be (-12 - -10)/((-6)/9) - -131. Let q = v + h. List the prime factors of q.
73
Let k = -3002 - -7593. List the prime factors of k.
4591
Let y(a) = 8*a**2 - 8*a - 84. Let o be y(12). Suppose -o = 62*u - 66*u. What are the prime factors of u?
3
Let c be 5*(-9)/(180/(-4256)). Let z = 1635 - c. Suppose 3*i - 465 = -5*j, -3*i + 172 - z = -4*j. List the prime factors of j.
2, 3
Let k(d) = -3*d - 57. Let a be k(-20). Suppose a*y = -m + 4*m - 999, 2*m - 654 = -4*y. What are the prime factors of m?
331
Suppose s = -2*g + 3*g + 5, 3*s + 4*g - 36 = 0. Suppose 2*l = -5*d + 1976, -s*l + 11*l = 3*d + 2964. What are the prime factors of l?
2, 13, 19
Let l(p) be the first derivative of 2*p**3/3 + p**2/2 + 2*p + 109. What are the prime factors of l(-20)?
2, 17, 23
List the prime factors of (2/(-1) - -14)/((36/11451)/6).
2, 3, 11, 347
Let f(h) = 5*h**3 + h**2 - 45*h + 6. What are the prime factors of f(7)?
3, 5, 97
Suppose 0 = 5*q - 2*k + 444, 9*k = q + 6*k + 94. Let o = 412 - q. List the prime factors of o.
2, 5
Let b(t) = 899*t - 5981. List the prime factors of b(34).
3, 5, 11, 149
Suppose -z - 3*g + 26 = 3*z, 4*g = z + 3. Let k(q) = -1 + 5*q - z*q - 2 - 3*q + 3*q**2. List the prime factors of k(6).
3, 29
Let x(z) be the second derivative of z**7/1260 - z**6/360 + 29*z**5/60 - z**4/4 - 9*z. Let a(m) be the third derivative of x(m). List the prime factors of a(0).
2, 29
Let d = 182 - 179. Suppose -d*j + 432 = t - 55, -3*t + 2*j + 1417 = 0. List the prime factors of t.
5, 19
List the prime factors of (147/(-90) - (-12)/90)/((-9)/6774).
1129
Suppose -114*z - 426939 + 1250931 = 0. List the prime factors of z.
2, 13, 139
What are the prime factors of 275468/28 + 156/182?
9839
Suppose -2*w + 4*j + 8 = 0, 0 = -w + j - 3*j. What are the prime factors of -223*w*(-4 + 21/6)?
223
Suppose -69068 = -10*b + 104752. List the prime factors of b.
2, 3, 2897
Suppose 4*p - f - 161771 = 0, 3*p - 121311 = 42*f - 47*f. What are the prime factors of p?
2, 73, 277
List the prime factors of (-7 - 238/(-14))/(1/5223).
2, 3, 5, 1741
Let z(l) = l**2 + 13*l + 19. Let q be z(-8). Let g = 29 + q. What are the prime factors of g?
2
What are the prime factors of ((-1 - 3)*39/(-52))/((-6)/(-31852))?
2, 7963
Let j be 2/(6/6) + 2. Suppose -3*o - 2*o + q + 753 = 0, o - j*q = 143. What are the prime factors of o?
151
Let j(d) = -12850*d + 854. List the prime factors of j(-3).
2, 9851
Let j be ((-1)/5)/(58194/(-19395) - -3). Suppose 1477 = 3*o - j. List the prime factors of o.
2, 3, 53
Suppose -13*w = -2*w - 40425. Suppose -7*l = 5117 + w. List the prime factors of l/(-20) + -3 + (-2)/(-10).
2, 3, 5
Let v be (-1)/((-18)/273) - (-2)/(-12). Suppose 0 = -3*w + v, -d - d - 3*w = -269. Let k = 350 - d. What are the prime factors of k?
223
Suppose -2*i + 6*v = 10*v - 76, 0 = -3*i + 5*v + 81. List the prime factors of i.
2
Let s(n) = 3*n**2 + 2 - 13*n + 34*n - 19 - 11 - 49. What are the prime factors of s(-18)?
11, 47
Let z(f) = 2*f - 1. Let u(h) = 317*h + 10. Let x(i) = u(i) - 2*z(i). What are the prime factors of x(2)?
2, 11, 29
Suppose -25086 = -10*o + 4988 + 24716. What are the prime factors of o?
5479
List the prime factors of (-3)/(-1) - (-37)/((-148)/(-154524)).
2, 3, 47, 137
Suppose 6*o = 11 + 187. Suppose 31720 = -o*g + 53*g. What are the prime factors of g?
2, 13, 61
Suppose 5*j + 2*v = -231, 0*j + 2*j - 4*v = -102. Let p = 259 + -140. Let w = p + j. What are the prime factors of w?
2, 3
Let n(d) = d**2 + 17*d + 45. Let q = 43 - 57. Let f be n(q). Suppose 5*z - 25 = 0, -3*o = -f*z + 6*z - 498. List the prime factors of o.
7, 23
Let p be 193016/52 + (-16)/(-104). Suppose -5*i = -p + 1452. List the prime factors of i.
2, 113
Suppose 50535 = 2*w - m - 49153, 0 = 3*w - 2*m - 149534. What are the prime factors of w?
2, 3, 13, 71
Let a(f) = 19*f - 23. Let u(p) = p**3 - 13*p**2 + 15*p - 13. Let k be u(12). Let w = -18 + k. What are the prime factors of a(w)?
2, 3
Let k = 10030 + -9519. What are the prime factors of k?
7, 73
Suppose 6*m = 2*m - 12. Let t be (-12)/(-18) + (-28)/m. List the prime factors of 116/6 - t/(-15).
2, 5
Let v be 62*1/(6 - 4). Let f be 698/8 + 1/(-4). Let g = f - v. List the prime factors of g.
2, 7
Let p = -5800 - -6924. What are the prime factors of p?
2, 281
Let g be (10/(-4) + 0)*(-12)/6. Suppose -4*s - g*p + 720 = s, 3*s - p = 412. Let b = s + -75. List the prime factors of b.
2
Let k(p) = p**2 + 8*p + 6. Let z be k(-8). Let h be z/30 - 176/5. Let b = h - -53. What are the prime factors of b?
2, 3
Let l = 113 + -45. Let o be (l + 2)/(-1 + (-12)/(-10)). Suppose -9*i = -11*i + o. What are the prime factors of i?
5, 7
Suppose 1607281 = 267*i - 302303. What are the prime factors of i?
2, 3, 149
Let j = 280 + -286. Let o(u) = -207*u + 233. List the prime factors of o(j).
5, 59
List the prime factors of (-106068*(-1 - 0))/((-15 + 47)/16).
2, 3, 8839
Let p(a) = a + 1. Let j be p(11). Suppose -j*w + 7*w + 1470 = 0. What are the prime factors of w?
2, 3, 7
Let g(t) = 4*t + 6. Let o = 15 - 6. Let w be g(o). Suppose -2*z + w + 20 = 0. List the prime factors of z.
31
Let t be 485 - (9/(-15) - (-112)/20). Suppose -y - t = -6*y. List the prime factors of y.
2, 3
Suppose 0*g + 5*g + 14 = -3*u, 2*u + 4 = -2*g. Let k be (-4)/6 - (-80)/12 - u. Let t(a) = 3*a**2 - 7*a - 7. List the prime factors of t(k).
13
Let b(x) = -221*x + 252. Let k be b(-7). Suppose -2*r - 5*d + k = -10*d, 2*r + 3*d = 1807. What are the prime factors of r?
2, 11, 41
Let d = 125 + -121. Suppose d*t - 980 = -2*n, -2*t + 4*n = -181 - 329. List the prime factors of t.
13, 19
Suppose -n = 14 - 6. What are the prime factors of 516 - (n + 4) - 0?
2, 5, 13
Let v(x) = -x**3 + 7*x**2 + 6*x + 16. Let l be v(8). Suppose -2*w - r + 225 = 2*r, l = r - 3. Suppose 4*f = 3*f + w. List the prime factors of f.
2, 3
List the prime factors of (304/(-38) - -725)*31/3.
31, 239
Suppose -276 = -4*q - 2*z, -z + 5*z + 332 = 5*q. Suppose 3*r + 11 = q. Let f = r + 112. What are the prime factors of f?
131
Let d(p) = -285*p + 811. What are the prime factors of d(-30)?
11, 23, 37
Let p(k) be the second derivative of -17*k + 0 + 1/2*k**3 + 7/12*k**4 - 3/2*k**2. What are the prime factors of p(-3)?
3, 17
Suppose -20*b + 512527 = -87473. List the prime factors of b.
2, 3, 5
Let r(m) = -m**3 - 2*m. Let w be r(-2). Suppose -w*o + 672 = -5*o. What are the prime factors of o?
2, 3
Let l be 11 - 10 - (-2 - 2). Suppose -l*n - 4425 = -3*h - n, -1477 = -h + 2*n. What are the prime factors of h?
1471
Let k be ((-6)/10)/(2*2/(-80)). Suppose -2*o = -2*v + 1836, k*v - 14*v - 4*o = -1866. List the prime factors of v.
13, 71
Suppose -2*w + 5*w = 15. Suppose 0 = 7*y - w*y - 462. Sup